6037
List the prime factors of 13883.
13883
List the prime factors of 9424.
2, 19, 31
What are the prime factors of 46029?
3, 67, 229
What are the prime factors of 232?
2, 29
List the prime factors of 1156.
2, 17
What are the prime factors of 2239?
2239
List the prime factors of 17682.
2, 3, 7, 421
What are the prime factors of 15804?
2, 3, 439
List the prime factors of 3972.
2, 3, 331
What are the prime factors of 131569?
41, 3209
What are the prime factors of 119?
7, 17
List the prime factors of 3091.
11, 281
What are the prime factors of 42789?
3, 17, 839
What are the prime factors of 17516?
2, 29, 151
List the prime factors of 6111.
3, 7, 97
List the prime factors of 25033.
25033
What are the prime factors of 774?
2, 3, 43
What are the prime factors of 34840?
2, 5, 13, 67
What are the prime factors of 22388?
2, 29, 193
What are the prime factors of 6692?
2, 7, 239
List the prime factors of 16226.
2, 7, 19, 61
List the prime factors of 638.
2, 11, 29
What are the prime factors of 4234?
2, 29, 73
What are the prime factors of 87636?
2, 3, 67, 109
What are the prime factors of 3193?
31, 103
List the prime factors of 81202.
2, 11, 3691
What are the prime factors of 2014?
2, 19, 53
List the prime factors of 1176.
2, 3, 7
What are the prime factors of 4643?
4643
What are the prime factors of 670?
2, 5, 67
What are the prime factors of 8880?
2, 3, 5, 37
List the prime factors of 669.
3, 223
What are the prime factors of 32077?
32077
List the prime factors of 9306.
2, 3, 11, 47
What are the prime factors of 2555?
5, 7, 73
What are the prime factors of 32105?
5, 6421
List the prime factors of 8341.
19, 439
What are the prime factors of 11398?
2, 41, 139
List the prime factors of 345.
3, 5, 23
What are the prime factors of 1934?
2, 967
What are the prime factors of 36184?
2, 4523
What are the prime factors of 17878?
2, 7, 1277
List the prime factors of 21787.
21787
List the prime factors of 77931.
3, 7, 1237
List the prime factors of 9666.
2, 3, 179
What are the prime factors of 1862?
2, 7, 19
What are the prime factors of 763?
7, 109
What are the prime factors of 4810?
2, 5, 13, 37
List the prime factors of 5765.
5, 1153
List the prime factors of 354.
2, 3, 59
List the prime factors of 9929.
9929
List the prime factors of 14697.
3, 23, 71
What are the prime factors of 20831?
37, 563
What are the prime factors of 2880?
2, 3, 5
What are the prime factors of 18385?
5, 3677
List the prime factors of 5659.
5659
List the prime factors of 836.
2, 11, 19
What are the prime factors of 32323?
32323
List the prime factors of 3485.
5, 17, 41
List the prime factors of 120438.
2, 3, 6691
List the prime factors of 2553.
3, 23, 37
What are the prime factors of 5447?
13, 419
What are the prime factors of 168104?
2, 21013
List the prime factors of 19510.
2, 5, 1951
List the prime factors of 6896.
2, 431
What are the prime factors of 108999?
3, 11, 367
What are the prime factors of 49942?
2, 24971
List the prime factors of 3941.
7, 563
What are the prime factors of 10013?
17, 19, 31
What are the prime factors of 1973?
1973
What are the prime factors of 3366?
2, 3, 11, 17
List the prime factors of 14942.
2, 31, 241
What are the prime factors of 2484?
2, 3, 23
List the prime factors of 3421.
11, 311
What are the prime factors of 278?
2, 139
What are the prime factors of 31761?
3, 3529
What are the prime factors of 105974?
2, 11, 4817
List the prime factors of 5895.
3, 5, 131
What are the prime factors of 19139?
19139
List the prime factors of 10129.
7, 1447
What are the prime factors of 13586?
2, 6793
List the prime factors of 1284.
2, 3, 107
What are the prime factors of 54679?
54679
List the prime factors of 1570.
2, 5, 157
What are the prime factors of 6271?
6271
What are the prime factors of 99831?
3, 107, 311
List the prime factors of 3087.
3, 7
What are the prime factors of 34805?
5, 6961
List the prime factors of 9873.
3, 1097
What are the prime factors of 532?
2, 7, 19
What are the prime factors of 4288?
2, 67
List the prime factors of 2027.
2027
What are the prime factors of 6986?
2, 7, 499
What are the prime factors of 301?
7, 43
What are the prime factors of 3587?
17, 211
What are the prime factors of 16495?
5, 3299
What are the prime factors of 174978?
2, 3, 9721
What are the prime factors of 42846?
2, 3, 37, 193
List the prime factors of 4436.
2, 1109
What are the prime factors of 2325?
3, 5, 31
List the prime factors of 23023.
7, 11, 13, 23
List the prime factors of 12726.
2, 3, 7, 101
What are the prime factors of 47312?
2, 2957
What are the prime factors of 260?
2, 5, 13
What are the prime factors of 1383?
3, 461
List the prime factors of 22208.
2, 347
What are the prime factors of 13227?
3, 4409
List the prime factors of 1310.
2, 5, 131
List the prime factors of 1992.
2, 3, 83
What are the prime factors of 13215?
3, 5, 881
What are the prime factors of 35132?
2, 8783
What are the prime factors of 10537?
41, 257
List the prime factors of 8639.
53, 163
What are the prime factors of 2712?
2, 3, 113
List the prime factors of 140624.
2, 11, 17, 47
List the prime factors of 4287.
3, 1429
What are the prime factors of 42?
2, 3, 7
List the prime factors of 9351.
3, 1039
List the prime factors of 10975.
5, 439
List the prime factors of 1198.
2, 599
List the prime factors of 36573.
3, 73, 167
What are the prime factors of 7625?
5, 61
List the prime factors of 26397.
3, 7, 419
List the prime factors of 72078.
2, 3, 41, 293
List the prime factors of 922.
2, 461
What are the prime factors of 313?
313
List the prime factors of 2210.
2, 5, 13, 17
List the prime factors of 77651.
7, 11093
List the prime factors of 9666.
2, 3, 179
List the prime factors of 3420.
2, 3, 5, 19
List the prime factors of 6449.
6449
List the prime factors of 4185.
3, 5, 31
List the prime factors of 23376.
2, 3, 487
List the prime factors of 8201.
59, 139
List the prime factors of 2550.
2, 3, 5, 17
What are the prime factors of 25497?
3, 2833
What are the prime factors of 307?
307
What are the prime factors of 4429?
43, 103
List the prime factors of 14701.
61, 241
What are the prime factors of 90327?
3, 30109
What are the prime factors of 407?
11, 37
List the prime factors of 1791.
3, 199
What are the prime factors of 5448?
2, 3, 227
List the prime factors of 135.
3, 5
What are the prime factors of 971?
971
What are the prime factors of 4814?
2, 29, 83
What are the prime factors of 5097?
3, 1699
List the prime factors of 84.
2, 3, 7
What are the prime factors of 8893?
8893
List the prime factors of 12801.
3, 17, 251
List the prime factors of 1417.
13, 109
What are the prime factors of 395?
5, 79
What are the prime factors of 7373?
73, 101
List the prime factors of 53195.
5, 10639
List the prime factors of 13059.
3, 1451
List the prime factors of 11769.
3, 3923
What are the prime factors of 1232?
2, 7, 11
List the prime factors of 3109.
3109
List the prime factors of 728.
2, 7, 13
What are the prime factors of 461?
461
List the prime factors of 1885.
5, 13, 29
What are the prime factors of 9?
3
List the prime factors of 1603.
7, 229
What are the prime factors of 496?
2, 31
What are the prime factors of 3502?
2, 17, 103
What are the prime factors of 391?
17, 23
What are the prime factors of 3076?
2, 769
List the prime factors of 185.
5, 37
What are the prime factors of 50115?
3, 5, 13, 257
What are the prime factors of 1570?
2, 5, 157
List the prime factors of 1762.
2, 881
List the prime factors of 7378.
2, 7, 17, 31
What are the prime factors of 11228?
2, 7, 401
List the prime factors of 24090.
2, 3, 5, 11, 73
What are the prime factors of 420?
2, 3, 5, 7
List the prime factors of 56202.
2, 3, 17, 19, 29
What are the prime factors of 219?
3, 73
List the prime factors of 3872.
2, 11
List the prime factors of 119073.
3, 19, 2089
List the prime factors of 30700.
2, 5, 307
What are the prime factors of 1335?
3, 5, 89
What are the prime factors of 493?
17, 29
What are the prime factors of 3733?
3733
What are the prime factors of 209?
11, 19
What are the prime factors of 126?
2, 3, 7
List the prime factors of 59690.
2, 5, 47, 127
What are the prime factors of 6630?
2, 3, 5, 13, 17
List the prime factors of 527.
17, 31
List the prime factors of 872.
2, 109
List the prime factors of 3821.
3821
Wh